it of 506?
0
What is the tens digit of 3826?
2
What is the hundreds digit of 2356?
3
What is the units digit of 74120?
0
What is the units digit of 12808?
8
What is the units digit of 3348?
8
What is the ten thousands digit of 18686?
1
What is the units digit of 5901?
1
What is the tens digit of 55?
5
What is the hundreds digit of 13385?
3
What is the tens digit of 1885?
8
What is the units digit of 5092?
2
What is the units digit of 815?
5
What is the hundreds digit of 9613?
6
What is the hundreds digit of 19184?
1
What is the tens digit of 7505?
0
What is the ten thousands digit of 21795?
2
What is the units digit of 1477?
7
What is the units digit of 321?
1
What is the thousands digit of 17074?
7
What is the units digit of 489?
9
What is the units digit of 3406?
6
What is the ten thousands digit of 13357?
1
What is the units digit of 26788?
8
What is the tens digit of 81206?
0
What is the ten thousands digit of 36150?
3
What is the thousands digit of 2601?
2
What is the hundreds digit of 20821?
8
What is the units digit of 1802?
2
What is the tens digit of 1511?
1
What is the thousands digit of 3140?
3
What is the thousands digit of 72701?
2
What is the units digit of 4517?
7
What is the tens digit of 8944?
4
What is the tens digit of 33250?
5
What is the thousands digit of 6045?
6
What is the tens digit of 2456?
5
What is the hundreds digit of 23305?
3
What is the tens digit of 2618?
1
What is the hundreds digit of 16253?
2
What is the thousands digit of 2235?
2
What is the hundreds digit of 1104?
1
What is the hundreds digit of 294?
2
What is the units digit of 35940?
0
What is the ten thousands digit of 12609?
1
What is the hundreds digit of 32159?
1
What is the units digit of 5844?
4
What is the hundred thousands digit of 146525?
1
What is the tens digit of 1313?
1
What is the ten thousands digit of 13317?
1
What is the thousands digit of 24709?
4
What is the units digit of 17861?
1
What is the hundreds digit of 6259?
2
What is the hundreds digit of 7834?
8
What is the thousands digit of 7376?
7
What is the hundreds digit of 57540?
5
What is the tens digit of 440?
4
What is the tens digit of 1843?
4
What is the units digit of 6322?
2
What is the tens digit of 51240?
4
What is the thousands digit of 46681?
6
What is the units digit of 515?
5
What is the tens digit of 143?
4
What is the units digit of 272?
2
What is the ten thousands digit of 53990?
5
What is the tens digit of 2311?
1
What is the tens digit of 429?
2
What is the units digit of 123674?
4
What is the hundreds digit of 823?
8
What is the units digit of 248?
8
What is the hundreds digit of 527?
5
What is the tens digit of 9692?
9
What is the hundreds digit of 7910?
9
What is the ten thousands digit of 54908?
5
What is the hundreds digit of 19713?
7
What is the ten thousands digit of 27586?
2
What is the units digit of 35461?
1
What is the hundred thousands digit of 112953?
1
What is the hundreds digit of 1043?
0
What is the hundreds digit of 7929?
9
What is the hundreds digit of 10222?
2
What is the hundreds digit of 132380?
3
What is the thousands digit of 185287?
5
What is the units digit of 2003?
3
What is the hundreds digit of 32540?
5
What is the tens digit of 12492?
9
What is the tens digit of 8478?
7
What is the tens digit of 173?
7
What is the ten thousands digit of 91181?
9
What is the hundreds digit of 389?
3
What is the thousands digit of 57041?
7
What is the hundreds digit of 75387?
3
What is the tens digit of 4169?
6
What is the thousands digit of 97591?
7
What is the tens digit of 13290?
9
What is the units digit of 30121?
1
What is the ten thousands digit of 50783?
5
What is the thousands digit of 138954?
8
What is the ten thousands digit of 23517?
2
What is the hundreds digit of 374?
3
What is the hundreds digit of 3558?
5
What is the thousands digit of 30079?
0
What is the units digit of 2780?
0
What is the hundreds digit of 970?
9
What is the ten thousands digit of 22723?
2
What is the hundreds digit of 3453?
4
What is the hundred thousands digit of 188907?
1
What is the thousands digit of 1635?
1
What is the tens digit of 15810?
1
What is the units digit of 2357?
7
What is the tens digit of 571?
7
What is the tens digit of 6268?
6
What is the thousands digit of 3531?
3
What is the hundreds digit of 26031?
0
What is the tens digit of 24122?
2
What is the hundreds digit of 326?
3
What is the tens digit of 836?
3
What is the tens digit of 582?
8
What is the units digit of 3447?
7
What is the units digit of 26028?
8
What is the ten thousands digit of 29946?
2
What is the units digit of 11104?
4
What is the tens digit of 7817?
1
What is the tens digit of 1323?
2
What is the units digit of 3971?
1
What is the hundreds digit of 100044?
0
What is the ten thousands digit of 156020?
5
What is the thousands digit of 6595?
6
What is the tens digit of 253?
5
What is the tens digit of 3502?
0
What is the tens digit of 2039?
3
What is the tens digit of 496?
9
What is the units digit of 769?
9
What is the thousands digit of 8418?
8
What is the hundreds digit of 6575?
5
What is the thousands digit of 2730?
2
What is the thousands digit of 3551?
3
What is the hundreds digit of 1128?
1
What is the thousands digit of 10195?
0
What is the hundreds digit of 1193?
1
What is the ten thousands digit of 15689?
1
What is the hundreds digit of 14685?
6
What is the thousands digit of 25325?
5
What is the tens digit of 531?
3
What is the hundreds digit of 8908?
9
What is the thousands digit of 8158?
8
What is the thousands digit of 17063?
7
What is the thousands digit of 82177?
2
What is the hundreds digit of 7615?
6
What is the thousands digit of 1957?
1
What is the units digit of 56070?
0
What is the units digit of 1463?
3
What is the tens digit of 1197?
9
What is the hundreds digit of 75816?
8
What is the hundreds digit of 27056?
0
What is the thousands digit of 23389?
3
What is the units digit of 808?
8
What is the thousands digit of 33092?
3
What is the tens digit of 2381?
8
What is the tens digit of 367?
6
What is the ten thousands digit of 54834?
5
What is the thousands digit of 2518?
2
What is the units digit of 2090?
0
What is the tens digit of 15140?
4
What is the tens digit of 874?
7
What is the thousands digit of 55676?
5
What is the hundreds digit of 16836?
8
What is the hundreds digit of 5689?
6
What is the units digit of 4195?
5
What is the hundreds digit of 40591?
5
What is the tens digit of 26535?
3
What is the units digit of 9?
9
What is the hundreds digit of 297?
2
What is the units digit of 309?
9
What is the hundreds digit of 81692?
6
What is the units digit of 6230?
0
What is the tens digit of 610?
1
What is the tens digit of 59399?
9
What is the units digit of 111?
1
What is the hundreds digit of 13787?
7
What is the units digit of 951?
1
What is the tens digit of 1036?
3
What is the hundreds digit of 16088?
0
What is the hundreds digit of 9943?
9
What is the thousands digit of 84295?
4
What is the units digit of 11427?
7
What is the units digit of 2984?
4
What is the tens digit of 5059?
5
What is the hundreds digit of 1296?
2
What is the hundreds digit of 3613?
6
What is the units digit of 4466?
6
What is the tens digit of 87525?
2
What is the units digit of 48?
8
What is the tens digit of 227?
2
What is the ten thousands digit of 17574?
1
What is the hundreds digit of 5857?
8
What is the units digit of 49747?
7
What is the tens digit of 892?
9
What is the hundreds digit of 767?
7
What is the thousands digit of 16774?
6
What is the units digit of 178318?
8
What is the units digit of 297?
7
What is the units digit of 2486?
6
What is the units digit of 527?
7
What is the units digit of 532?
2
What is the units digit of 764?
4
What is the hundreds digit of 47115?
1
What is the units digit of 30398?
8
What is the thousands digit of 100679?
0
What is the thousands digit of 16169?
6
What is the hundreds digit of 48369?
3
What is the hundreds digit of 1918?
9
What is the thousands digit of 64801?
4
What is the hundreds digit of 4409?
4
What is the thousands digit of 8337?
8
What is the units digit of 4631?
1
What is the units digit of 7041?
1
What is the ten thousands digit of 19897?
1
What is the hundreds digit of 5772?
7
What is the units digit of 74779?
9
What i